atest common factor of 7 and 301.
7
What is the greatest common divisor of 56 and 966?
14
What is the greatest common divisor of 39 and 1248?
39
Calculate the highest common divisor of 255 and 1105.
85
What is the greatest common factor of 851 and 925?
37
Calculate the highest common divisor of 190 and 855.
95
What is the greatest common factor of 9 and 21069?
9
What is the highest common factor of 166 and 8549?
83
What is the greatest common factor of 135 and 450?
45
What is the greatest common factor of 44 and 154?
22
Calculate the greatest common divisor of 30168 and 12.
12
Calculate the greatest common divisor of 2172 and 24.
12
What is the highest common factor of 12 and 156?
12
What is the highest common factor of 90 and 18?
18
Calculate the highest common factor of 36 and 54.
18
Calculate the greatest common factor of 848 and 80.
16
What is the highest common factor of 198 and 110?
22
Calculate the highest common factor of 56 and 812.
28
What is the highest common factor of 48 and 15848?
8
What is the highest common factor of 18 and 2934?
18
What is the highest common factor of 1061 and 1?
1
Calculate the highest common divisor of 1817 and 23.
23
What is the greatest common divisor of 8 and 6?
2
Calculate the greatest common factor of 10 and 1670.
10
Calculate the greatest common factor of 45 and 108.
9
What is the greatest common divisor of 2430 and 10?
10
Calculate the greatest common factor of 140 and 20.
20
What is the greatest common divisor of 11 and 4268?
11
Calculate the highest common factor of 10 and 55.
5
Calculate the greatest common factor of 1722 and 21.
21
What is the highest common divisor of 1628 and 242?
22
Calculate the highest common divisor of 60 and 270.
30
Calculate the highest common factor of 11 and 11759.
11
Calculate the greatest common divisor of 5777 and 109.
109
What is the highest common divisor of 62 and 961?
31
What is the highest common factor of 784 and 644?
28
What is the greatest common divisor of 620 and 372?
124
Calculate the greatest common divisor of 485 and 5.
5
Calculate the highest common divisor of 65 and 858.
13
Calculate the greatest common divisor of 3060 and 3420.
180
What is the highest common factor of 99 and 2367?
9
Calculate the greatest common divisor of 438 and 7154.
146
Calculate the highest common divisor of 120 and 15.
15
Calculate the greatest common factor of 3893 and 68.
17
Calculate the greatest common divisor of 8959 and 248.
31
Calculate the greatest common divisor of 833 and 1037.
17
What is the highest common divisor of 52 and 39?
13
Calculate the greatest common factor of 5124 and 1596.
84
Calculate the highest common factor of 205 and 20.
5
What is the highest common divisor of 2036 and 8?
4
Calculate the highest common divisor of 4770 and 10.
10
What is the highest common divisor of 23 and 2?
1
What is the greatest common factor of 8225 and 525?
175
What is the greatest common factor of 51 and 561?
51
What is the highest common divisor of 15 and 5955?
15
What is the highest common factor of 1957 and 19?
19
Calculate the highest common factor of 32 and 176.
16
Calculate the greatest common divisor of 80 and 3440.
80
What is the highest common divisor of 18 and 801?
9
Calculate the greatest common divisor of 58426 and 262.
262
What is the greatest common factor of 76789 and 17?
17
Calculate the highest common divisor of 225 and 90.
45
What is the highest common factor of 195 and 30?
15
Calculate the greatest common divisor of 38 and 171.
19
What is the highest common divisor of 920 and 12?
4
Calculate the highest common factor of 312 and 130.
26
Calculate the greatest common divisor of 64 and 96.
32
What is the greatest common factor of 3 and 37?
1
What is the greatest common factor of 49 and 539?
49
What is the greatest common factor of 11868 and 387?
129
Calculate the highest common divisor of 20608 and 23.
23
Calculate the greatest common factor of 4956 and 504.
84
What is the greatest common divisor of 990 and 36?
18
What is the greatest common divisor of 64 and 584?
8
Calculate the highest common factor of 1392 and 32.
16
What is the highest common factor of 125 and 106625?
125
Calculate the highest common divisor of 2493 and 9.
9
Calculate the highest common factor of 275 and 11.
11
What is the greatest common divisor of 1328 and 249?
83
What is the greatest common factor of 9 and 25?
1
What is the greatest common divisor of 138 and 36087?
69
What is the highest common factor of 3575 and 75?
25
What is the highest common divisor of 650 and 13?
13
What is the highest common divisor of 31455 and 540?
135
Calculate the highest common factor of 18 and 40104.
18
Calculate the greatest common divisor of 371 and 6943.
53
What is the highest common factor of 544 and 17?
17
Calculate the highest common divisor of 65 and 104.
13
Calculate the greatest common factor of 1316 and 84.
28
Calculate the highest common divisor of 168 and 616.
56
What is the highest common factor of 27 and 1467?
9
Calculate the highest common factor of 50 and 250.
50
Calculate the greatest common divisor of 1752 and 168.
24
Calculate the highest common factor of 54 and 18.
18
Calculate the highest common divisor of 80 and 30.
10
Calculate the greatest common divisor of 2882 and 786.
262
Calculate the highest common divisor of 72064 and 128.
128
What is the highest common divisor of 220 and 132?
44
Calculate the greatest common factor of 56 and 16.
8
What is the highest common divisor of 150 and 60?
30
What is the greatest common divisor of 44 and 671?
11
Calculate the greatest common divisor of 32 and 4512.
32
Calculate the highest common divisor of 61 and 976.
61
Calculate the highest common factor of 2 and 23.
1
Calculate the highest common factor of 1254 and 513.
57
Calculate the highest common divisor of 872 and 545.
109
What is the greatest common divisor of 26847 and 171?
171
Calculate the highest common divisor of 161 and 69.
23
Calculate the greatest common divisor of 30 and 345.
15
Calculate the highest common divisor of 176 and 418.
22
What is the highest common factor of 6795 and 495?
45
Calculate the highest common divisor of 144 and 40.
8
Calculate the highest common divisor of 495 and 45.
45
Calculate the highest common factor of 3111 and 51.
51
What is the greatest common factor of 1280 and 200?
40
Calculate the highest common factor of 80 and 110.
10
What is the highest common divisor of 4315 and 5?
5
Calculate the highest common divisor of 260 and 39.
13
Calculate the greatest common factor of 62 and 62.
62
What is the greatest common factor of 14 and 89?
1
What is the greatest common factor of 480 and 3210?
30
Calculate the highest common divisor of 1782 and 66.
66
Calculate the highest common factor of 9268 and 28.
28
What is the highest common divisor of 129 and 172?
43
What is the greatest common factor of 95 and 475?
95
What is the highest common divisor of 6162 and 12?
6
Calculate the highest common divisor of 556 and 1529.
139
Calculate the greatest common divisor of 60 and 330.
30
What is the highest common divisor of 20 and 85?
5
Calculate the highest common factor of 1564 and 2244.
68
Calculate the greatest common factor of 2788 and 14.
2
Calculate the greatest common factor of 30 and 648.
6
Calculate the highest common factor of 304 and 95.
19
What is the greatest common factor of 338 and 65?
13
What is the highest common divisor of 14 and 7?
7
Calculate the highest common divisor of 260 and 1664.
52
What is the highest common divisor of 98 and 448?
14
What is the highest common divisor of 1588 and 12?
4
Calculate the greatest common factor of 182 and 280.
14
Calculate the greatest common factor of 2938 and 65.
13
What is the greatest common divisor of 15 and 795?
15
Calculate the greatest common factor of 935 and 255.
85
What is the highest common factor of 16 and 4?
4
Calculate the highest common divisor of 45 and 765.
45
What is the greatest common factor of 2930 and 20?
10
What is the highest common divisor of 68 and 16711?
17
Calculate the greatest common divisor of 9 and 2.
1
Calculate the highest common divisor of 1890 and 270.
270
What is the highest common factor of 576 and 72?
72
Calculate the highest common divisor of 161 and 46.
23
Calculate the greatest 